{"id":9798,"date":"2025-10-27T17:30:57","date_gmt":"2025-10-27T22:30:57","guid":{"rendered":"https:\/\/valledelzana.com.pe\/?page_id=9798"},"modified":"2025-12-01T15:10:07","modified_gmt":"2025-12-01T20:10:07","slug":"tarifario-2-2","status":"publish","type":"page","link":"https:\/\/valledelzana.com.pe\/","title":{"rendered":"Tarifario 2"},"content":{"rendered":"\t\t<div data-elementor-type=\"wp-page\" data-elementor-id=\"9798\" class=\"elementor elementor-9798\">\n\t\t\t\t<div class=\"elementor-element elementor-element-f09f1a5 e-con-full e-flex e-con e-parent\" data-id=\"f09f1a5\" data-element_type=\"container\" data-e-type=\"container\">\n\t\t\t\t<div class=\"elementor-element elementor-element-acb6cbb elementor-widget__width-initial elementor-widget elementor-widget-shortcode\" data-id=\"acb6cbb\" data-element_type=\"widget\" data-e-type=\"widget\" data-widget_type=\"shortcode.default\">\n\t\t\t\t\t\t\t<div class=\"elementor-shortcode\"><div style=\"max-width: 100%; margin: 40px auto; padding: 20px; \n            background: rgba(17,22,33,0.4);\n            border: 3px solid #003366; border-radius: 15px; \n            box-shadow: 0 8px 25px rgba(0,51,102,0.3);\n            backdrop-filter: blur(10px); \n            overflow: hidden;\">\n\n  <div style=\"text-align: center; margin-bottom: 15px;\">\n    <h2 style=\"\n      color: #0b2f57;\n      font-family: 'Playfair Display', serif;\n      font-size: 25px;\n      font-weight: bold;\n      padding: 12px 15px;\n      display: inline-block;\n      border: 3px solid #0b2f57;\n      border-radius: 8px;\n      text-shadow: 1px 1px 3px rgba(0,0,0,0.3);\n      box-shadow: 0 4px 15px rgba(0,0,0,0.25);\n      background: rgba(255,255,255,0.65);\n    \">\n      \ud83d\uddfa\ufe0f Mapa Interactivo de Alertas - Concesi\u00f3n Valle del Za\u00f1a\n    <\/h2>\n  <\/div>\n\n  <iframe \n    src=\"https:\/\/www.google.com\/maps\/d\/embed?mid=13qSQ5lA6w4eLXfVbEcUlv6xhtYvVhf8&ehbc=2E312F\"\n    width=\"100%\" \n    height=\"590\"\n    style=\"border: none; border-radius: 10px;\">\n  <\/iframe>\n\n<\/div>\n<\/div>\n\t\t\t\t\t\t<\/div>\n\t\t\t\t<\/div>\n\t\t<div class=\"elementor-element elementor-element-e0c42ca e-flex e-con-boxed e-con e-parent\" data-id=\"e0c42ca\" data-element_type=\"container\" data-e-type=\"container\">\n\t\t\t\t\t<div class=\"e-con-inner\">\n\t\t<div class=\"elementor-element elementor-element-0d1fdcb e-grid e-con-boxed e-con e-child\" data-id=\"0d1fdcb\" data-element_type=\"container\" data-e-type=\"container\">\n\t\t\t\t\t<div class=\"e-con-inner\">\n\t\t<div class=\"elementor-element elementor-element-7377799 e-con-full e-flex e-con e-child\" data-id=\"7377799\" data-element_type=\"container\" data-e-type=\"container\">\n\t\t\t\t<div class=\"elementor-element elementor-element-e36c153 elementor-widget elementor-widget-image\" data-id=\"e36c153\" data-element_type=\"widget\" data-e-type=\"widget\" data-widget_type=\"image.default\">\n\t\t\t\t\t\t\t\t\t\t\t\t<figure class=\"wp-caption\">\n\t\t\t\t\t\t\t\t\t\t\t<a href=\"https:\/\/valledelzana.com.pe\/?page_id=471\" target=\"_blank\">\n\t\t\t\t\t\t\t<img decoding=\"async\" src=\"https:\/\/valledelzana.com.pe\/wp-content\/uploads\/elementor\/thumbs\/Captura-de-pantalla-2024-12-02-153200-qxxkjcrnj4k9cpmqna6xdbvp2n16c0b5xowhoakqc0.jpg\" title=\"Captura de pantalla 2024-12-02 153200\" alt=\"Captura de pantalla 2024-12-02 153200\" loading=\"lazy\" \/>\t\t\t\t\t\t\t\t<\/a>\n\t\t\t\t\t\t\t\t\t\t\t<figcaption class=\"widget-image-caption wp-caption-text\">NUESTRAS TARIFAS<\/figcaption>\n\t\t\t\t\t\t\t\t\t\t<\/figure>\n\t\t\t\t\t\t\t\t\t<\/div>\n\t\t\t\t<\/div>\n\t\t<div class=\"elementor-element elementor-element-419f3da e-con-full e-flex e-con e-child\" data-id=\"419f3da\" data-element_type=\"container\" data-e-type=\"container\">\n\t\t\t\t<div class=\"elementor-element elementor-element-9fe3747 elementor-widget elementor-widget-image\" data-id=\"9fe3747\" data-element_type=\"widget\" data-e-type=\"widget\" data-widget_type=\"image.default\">\n\t\t\t\t\t\t\t\t\t\t\t\t<figure class=\"wp-caption\">\n\t\t\t\t\t\t\t\t\t\t\t<a href=\"https:\/\/valledelzana.com.pe\/?page_id=469\" target=\"_blank\">\n\t\t\t\t\t\t\t<img decoding=\"async\" src=\"https:\/\/valledelzana.com.pe\/wp-content\/uploads\/elementor\/thumbs\/imagen1--qxxkqn0mhwj9bx1t3xju6zpat54kzk89xqwykhrw40.png\" title=\"imagen1\" alt=\"imagen1\" loading=\"lazy\" \/>\t\t\t\t\t\t\t\t<\/a>\n\t\t\t\t\t\t\t\t\t\t\t<figcaption class=\"widget-image-caption wp-caption-text\">NUESTROS SERVICIOS<\/figcaption>\n\t\t\t\t\t\t\t\t\t\t<\/figure>\n\t\t\t\t\t\t\t\t\t<\/div>\n\t\t\t\t<\/div>\n\t\t<div class=\"elementor-element elementor-element-ba416cc e-con-full e-flex e-con e-child\" data-id=\"ba416cc\" data-element_type=\"container\" data-e-type=\"container\">\n\t\t\t\t<div class=\"elementor-element elementor-element-b71db32 elementor-widget elementor-widget-image\" data-id=\"b71db32\" data-element_type=\"widget\" data-e-type=\"widget\" data-widget_type=\"image.default\">\n\t\t\t\t\t\t\t\t\t\t\t\t<figure class=\"wp-caption\">\n\t\t\t\t\t\t\t\t\t\t\t<a href=\"https:\/\/valledelzana.com.pe\/?page_id=472\" target=\"_blank\">\n\t\t\t\t\t\t\t<img decoding=\"async\" src=\"https:\/\/valledelzana.com.pe\/wp-content\/uploads\/elementor\/thumbs\/REGLAMENTOS-qxxl7293wp0m6n707j469ci8gi6gh6ffv19dfjf9e8.jpg\" title=\"REGLAMENTOS\" alt=\"REGLAMENTOS\" loading=\"lazy\" \/>\t\t\t\t\t\t\t\t<\/a>\n\t\t\t\t\t\t\t\t\t\t\t<figcaption class=\"widget-image-caption wp-caption-text\">REGLAMENTOS<\/figcaption>\n\t\t\t\t\t\t\t\t\t\t<\/figure>\n\t\t\t\t\t\t\t\t\t<\/div>\n\t\t\t\t<\/div>\n\t\t<div class=\"elementor-element elementor-element-ed9f47c e-con-full e-flex e-con e-child\" data-id=\"ed9f47c\" data-element_type=\"container\" data-e-type=\"container\">\n\t\t\t\t<div class=\"elementor-element elementor-element-d445f11 elementor-widget elementor-widget-image\" data-id=\"d445f11\" data-element_type=\"widget\" data-e-type=\"widget\" data-widget_type=\"image.default\">\n\t\t\t\t\t\t\t\t\t\t\t\t<figure class=\"wp-caption\">\n\t\t\t\t\t\t\t\t\t\t\t<a href=\"https:\/\/valledelzana.com.pe\/?page_id=470\" target=\"_blank\">\n\t\t\t\t\t\t\t<img decoding=\"async\" src=\"https:\/\/valledelzana.com.pe\/wp-content\/uploads\/elementor\/thumbs\/libro1-qu99c9zyei3y0sqxnqk3byv15juzgb52mv05rodqog.jpg\" title=\"libro1\" alt=\"libro1\" loading=\"lazy\" \/>\t\t\t\t\t\t\t\t<\/a>\n\t\t\t\t\t\t\t\t\t\t\t<figcaption class=\"widget-image-caption wp-caption-text\">LIBRO DE RECLAMACIONES<\/figcaption>\n\t\t\t\t\t\t\t\t\t\t<\/figure>\n\t\t\t\t\t\t\t\t\t<\/div>\n\t\t\t\t<\/div>\n\t\t<div class=\"elementor-element elementor-element-d53745b e-con-full e-flex e-con e-child\" data-id=\"d53745b\" data-element_type=\"container\" data-e-type=\"container\">\n\t\t\t\t<div class=\"elementor-element elementor-element-7bf7824 elementor-widget elementor-widget-image\" data-id=\"7bf7824\" data-element_type=\"widget\" data-e-type=\"widget\" data-widget_type=\"image.default\">\n\t\t\t\t\t\t\t\t\t\t\t\t<figure class=\"wp-caption\">\n\t\t\t\t\t\t\t\t\t\t\t<a href=\"https:\/\/valledelzana.com.pe\/?page_id=762\" target=\"_blank\">\n\t\t\t\t\t\t\t<img decoding=\"async\" src=\"https:\/\/valledelzana.com.pe\/wp-content\/uploads\/elementor\/thumbs\/COMUNICADOS-qxxkykrk7jefddiqrd2f8zlfea05zjqod18kgm07kg.jpg\" title=\"COMUNICADOS\" alt=\"COMUNICADOS\" loading=\"lazy\" \/>\t\t\t\t\t\t\t\t<\/a>\n\t\t\t\t\t\t\t\t\t\t\t<figcaption class=\"widget-image-caption wp-caption-text\">COMUNICADOS<\/figcaption>\n\t\t\t\t\t\t\t\t\t\t<\/figure>\n\t\t\t\t\t\t\t\t\t<\/div>\n\t\t\t\t<\/div>\n\t\t<div class=\"elementor-element elementor-element-1bc4e96 e-con-full e-flex e-con e-child\" data-id=\"1bc4e96\" data-element_type=\"container\" data-e-type=\"container\">\n\t\t\t\t<div class=\"elementor-element elementor-element-632e3c0 elementor-widget elementor-widget-image\" data-id=\"632e3c0\" data-element_type=\"widget\" data-e-type=\"widget\" data-widget_type=\"image.default\">\n\t\t\t\t\t\t\t\t\t\t\t\t<figure class=\"wp-caption\">\n\t\t\t\t\t\t\t\t\t\t\t<a href=\"https:\/\/sfe.bizlinks.com.pe\/sfeperu\/public\/loginAnonimo.jsf\" target=\"_blank\">\n\t\t\t\t\t\t\t<img decoding=\"async\" src=\"https:\/\/valledelzana.com.pe\/wp-content\/uploads\/elementor\/thumbs\/AFICHE-1-e1762206586138-re6j1i6ejyqasi5f6u5a3vt7fiba0l6d6r3h3r12z4.png\" title=\"AFICHE-1\" alt=\"AFICHE-1\" loading=\"lazy\" \/>\t\t\t\t\t\t\t\t<\/a>\n\t\t\t\t\t\t\t\t\t\t\t<figcaption class=\"widget-image-caption wp-caption-text\">REVISA T\u00da COMPROBANTE<\/figcaption>\n\t\t\t\t\t\t\t\t\t\t<\/figure>\n\t\t\t\t\t\t\t\t\t<\/div>\n\t\t\t\t<\/div>\n\t\t<div class=\"elementor-element elementor-element-67f0703 e-con-full e-flex e-con e-child\" data-id=\"67f0703\" data-element_type=\"container\" data-e-type=\"container\">\n\t\t\t\t<div class=\"elementor-element elementor-element-fa646df elementor-widget elementor-widget-image\" data-id=\"fa646df\" data-element_type=\"widget\" data-e-type=\"widget\" data-widget_type=\"image.default\">\n\t\t\t\t\t\t\t\t\t\t\t\t<figure class=\"wp-caption\">\n\t\t\t\t\t\t\t\t\t\t\t<a href=\"https:\/\/valledelzana.com.pe\/?page_id=2473\" target=\"_blank\">\n\t\t\t\t\t\t\t<img decoding=\"async\" src=\"https:\/\/valledelzana.com.pe\/wp-content\/uploads\/elementor\/thumbs\/np-19-05-2020-ositran-asegura-atencion-usuarios-1-re6j3q2oovro7cxd8aokhtndx9dh6uzjtqjqw9qma8.jpg\" title=\"np-19-05-2020-ositran-asegura-atencion-usuarios (1)\" alt=\"np-19-05-2020-ositran-asegura-atencion-usuarios (1)\" loading=\"lazy\" \/>\t\t\t\t\t\t\t\t<\/a>\n\t\t\t\t\t\t\t\t\t\t\t<figcaption class=\"widget-image-caption wp-caption-text\">FORMULARIOS OSITRAN<\/figcaption>\n\t\t\t\t\t\t\t\t\t\t<\/figure>\n\t\t\t\t\t\t\t\t\t<\/div>\n\t\t\t\t<\/div>\n\t\t<div class=\"elementor-element elementor-element-618929f e-con-full e-flex e-con e-child\" data-id=\"618929f\" data-element_type=\"container\" data-e-type=\"container\">\n\t\t\t\t<div class=\"elementor-element elementor-element-3a8ecf4 elementor-widget elementor-widget-image\" data-id=\"3a8ecf4\" data-element_type=\"widget\" data-e-type=\"widget\" data-widget_type=\"image.default\">\n\t\t\t\t\t\t\t\t\t\t\t\t<figure class=\"wp-caption\">\n\t\t\t\t\t\t\t\t\t\t\t<a href=\"https:\/\/valledelzana.com.pe\/?page_id=2479\" target=\"_blank\">\n\t\t\t\t\t\t\t<img decoding=\"async\" src=\"https:\/\/valledelzana.com.pe\/wp-content\/uploads\/elementor\/thumbs\/Imagen1-re6j438fck9opwe93gdcgqbu8nkm6mfsjjojm573v4.jpg\" title=\"Imagen1\" alt=\"Imagen1\" loading=\"lazy\" \/>\t\t\t\t\t\t\t\t<\/a>\n\t\t\t\t\t\t\t\t\t\t\t<figcaption class=\"widget-image-caption wp-caption-text\">GESTI\u00d3N SOCIAL<\/figcaption>\n\t\t\t\t\t\t\t\t\t\t<\/figure>\n\t\t\t\t\t\t\t\t\t<\/div>\n\t\t\t\t<\/div>\n\t\t<div class=\"elementor-element elementor-element-f0ce635 e-con-full e-flex e-con e-child\" data-id=\"f0ce635\" data-element_type=\"container\" data-e-type=\"container\">\n\t\t\t\t<div class=\"elementor-element elementor-element-3f63e9e elementor-widget elementor-widget-image\" data-id=\"3f63e9e\" data-element_type=\"widget\" data-e-type=\"widget\" data-widget_type=\"image.default\">\n\t\t\t\t\t\t\t\t\t\t\t\t<figure class=\"wp-caption\">\n\t\t\t\t\t\t\t\t\t\t\t<a href=\"https:\/\/valledelzana.com.pe\/?page_id=4332\" target=\"_blank\">\n\t\t\t\t\t\t\t<img decoding=\"async\" src=\"https:\/\/valledelzana.com.pe\/wp-content\/uploads\/elementor\/thumbs\/banner-mobile-trabajaconnosotros-re6j4vfl1lcae79aisk5jj7o27pmljjqnf940g1aog.jpg\" title=\"banner-mobile-trabajaconnosotros\" alt=\"banner-mobile-trabajaconnosotros\" loading=\"lazy\" \/>\t\t\t\t\t\t\t\t<\/a>\n\t\t\t\t\t\t\t\t\t\t\t<figcaption class=\"widget-image-caption wp-caption-text\">TRABAJA CON NOSOTROS<\/figcaption>\n\t\t\t\t\t\t\t\t\t\t<\/figure>\n\t\t\t\t\t\t\t\t\t<\/div>\n\t\t\t\t<\/div>\n\t\t\t\t\t<\/div>\n\t\t\t\t<\/div>\n\t\t\t\t\t<\/div>\n\t\t\t\t<\/div>\n\t\t<div class=\"elementor-element elementor-element-8ebdefe e-flex e-con-boxed e-con e-parent\" data-id=\"8ebdefe\" data-element_type=\"container\" data-e-type=\"container\">\n\t\t\t\t\t<div class=\"e-con-inner\">\n\t\t<div class=\"elementor-element elementor-element-717a30e e-con-full e-grid e-con e-child\" data-id=\"717a30e\" data-element_type=\"container\" data-e-type=\"container\" data-settings=\"{&quot;background_background&quot;:&quot;classic&quot;}\">\n\t\t\t\t<div class=\"elementor-element elementor-element-8777780 elementor-widget__width-initial elementor-widget elementor-widget-shortcode\" data-id=\"8777780\" data-element_type=\"widget\" data-e-type=\"widget\" data-widget_type=\"shortcode.default\">\n\t\t\t\t\t\t\t<div class=\"elementor-shortcode\"><div style=\"text-align: center; font-family: 'Playfair Display', serif; color: #ffffff;\n            margin: 15px auto; max-width: 1200px;\">\n\n  <h1 style=\"font-size: 28px; font-weight: bold;\n             text-decoration: underline;\n             color: #ffffff;\n             text-shadow: 1px 1px 4px rgba(0,0,0,0.6);\">\n    Reajuste de Tarifa B\u00e1sica \u2013 Diciembre 2025\n  <\/h1>\n\n  <p style=\"font-size: 18px; margin-top: 15px; line-height: 1.5; color: #ffffff;\">\n    Se informa a los Usuarios y al p\u00fablico en general sobre el reajuste ordinario de la \n    Tarifa B\u00e1sica de la Unidad de Peaje San Nicol\u00e1s, de acuerdo con lo establecido en el \n    numeral 9.6 del Contrato de Concesi\u00f3n para la Construcci\u00f3n, Conservaci\u00f3n y Explotaci\u00f3n \n    del Tramo Vial Nuevo Mocupe \u2013 Cayalt\u00ed \u2013 Oyot\u00fan.\n  <\/p>\n\n  <p style=\"font-size: 18px; margin-top: 10px; line-height: 1.5; color: #ffffff;\">\n    Las tarifas vigentes a partir del <strong style=\"color: #ffffff;\">20 de diciembre del 2025<\/strong> \n    se aplicar\u00e1n en ambos sentidos de desplazamiento en la v\u00eda. A continuaci\u00f3n, se detallan:\n  <\/p>\n\n  <!-- Imagen que al hacer clic se agranda -->\n  <img decoding=\"async\" id=\"imagenTarifa\"\n       src=\"https:\/\/valledelzana.com.pe\/wp-content\/uploads\/2024\/12\/Captura-de-pantalla-2024-12-02-153200.jpg\"\n       alt=\"Tarifas actualizadas\"\n       style=\"margin-top: 15px; width: 90%; max-width: 700px; cursor: pointer; border-radius: 5px;\n              box-shadow: 0 6px 18px rgba(0,0,0,0.5);\" \/>\n<\/div>\n\n<!-- Modal (oculto hasta que hacen clic) -->\n<div id=\"modalImagen\" style=\"\n     display: none; position: fixed; z-index: 1000; padding-top: 70px;\n     left: 0; top: 0; width: 100%; height: 100%;\n     background-color: rgba(0,0,0,0.9); text-align: center;\">\n  \n  <span id=\"cerrarModal\" style=\"\n        color: white; font-size: 40px; font-weight: bold;\n        position: absolute; top: 20px; right: 35px;\n        cursor: pointer;\">&times;<\/span>\n\n  <img decoding=\"async\" src=\"\" id=\"imagenModal\" style=\"\n       width: 90%; max-width: 1000px; border-radius: 8px;\">\n<\/div>\n\n<script>\n  const img = document.getElementById(\"imagenTarifa\");\n  const modal = document.getElementById(\"modalImagen\");\n  const modalImg = document.getElementById(\"imagenModal\");\n  const cerrar = document.getElementById(\"cerrarModal\");\n\n  img.onclick = function() {\n    modal.style.display = \"block\";\n    modalImg.src = this.src;\n  }\n\n  cerrar.onclick = function() {\n    modal.style.display = \"none\";\n  }\n\n  \/\/ Cerrar tambi\u00e9n al hacer clic fuera de la imagen\n  modal.onclick = function(e) {\n    if (e.target === modal) modal.style.display = \"none\";\n  }\n<\/script>\n<\/div>\n\t\t\t\t\t\t<\/div>\n\t\t\t\t<\/div>\n\t\t\t\t\t<\/div>\n\t\t\t\t<\/div>\n\t\t<div class=\"elementor-element elementor-element-6f07f59 e-flex e-con-boxed e-con e-parent\" data-id=\"6f07f59\" data-element_type=\"container\" data-e-type=\"container\">\n\t\t\t\t\t<div class=\"e-con-inner\">\n\t\t<div class=\"elementor-element elementor-element-4ce6405 e-grid e-con-full e-con e-child\" data-id=\"4ce6405\" data-element_type=\"container\" data-e-type=\"container\">\n\t\t\t\t<div class=\"elementor-element elementor-element-f4c61bd elementor-widget-mobile__width-initial elementor-widget elementor-widget-shortcode\" data-id=\"f4c61bd\" data-element_type=\"widget\" data-e-type=\"widget\" data-widget_type=\"shortcode.default\">\n\t\t\t\t\t\t\t<div class=\"elementor-shortcode\"><div style=\"text-align: center; margin-top: 8px; margin-bottom: 3px;\n            font-family: 'Playfair Display', serif;\">\n\n  <h4 style=\"font-size: 18px; color: #ffffff; \n             text-shadow: 1px 1px 3px rgba(0,0,0,0.5);\n             margin-bottom: 5px;\">\n    \n    <strong style=\"border-bottom: 2px solid #ffffff;\">Celular de Emergencia:<\/strong> \n    <a href=\"tel:920371139\" style=\"color:#ffffff; text-decoration:none;\">920-371-139<\/a>\n    \n    &nbsp; | &nbsp;\n\n    <strong style=\"border-bottom: 2px solid #ffffff;\">Celular Administrativo:<\/strong> \n    <a href=\"tel:920371180\" style=\"color:#ffffff; text-decoration:none;\">920-371-180<\/a>\n\n  <\/h4>\n\n  <h4 style=\"font-size: 18px; color: #ffffff;\n             text-shadow: 1px 1px 3px rgba(0,0,0,0.5);\">\n    <strong style=\"border-bottom: 2px solid #ffffff;\">Tel\u00e9fono Fijo:<\/strong> \n    <a href=\"tel:074635150\" style=\"color:#ffffff; text-decoration:none;\">074-635150<\/a>\n  <\/h4>\n\n<\/div>\n<\/div>\n\t\t\t\t\t\t<\/div>\n\t\t\t\t<\/div>\n\t\t\t\t\t<\/div>\n\t\t\t\t<\/div>\n\t\t<div class=\"elementor-element elementor-element-de23d11 e-grid e-con-boxed e-con e-parent\" data-id=\"de23d11\" data-element_type=\"container\" data-e-type=\"container\">\n\t\t\t\t\t<div class=\"e-con-inner\">\n\t\t\t\t<div class=\"elementor-element elementor-element-5e9cec1 elementor-widget elementor-widget-image\" data-id=\"5e9cec1\" data-element_type=\"widget\" data-e-type=\"widget\" data-widget_type=\"image.default\">\n\t\t\t\t\t\t\t\t\t\t\t\t\t\t\t\t<a href=\"https:\/\/www.gob.pe\/ositran\" target=\"_blank\">\n\t\t\t\t\t\t\t<img decoding=\"async\" src=\"https:\/\/valledelzana.com.pe\/wp-content\/uploads\/elementor\/thumbs\/logo-r5itojav6xkjuk6ts5lpsb0lgjd29t1hz89uz1dbc0.png\" title=\"logo\" alt=\"logo\" loading=\"lazy\" \/>\t\t\t\t\t\t\t\t<\/a>\n\t\t\t\t\t\t\t\t\t\t\t\t\t\t\t<\/div>\n\t\t\t\t<div class=\"elementor-element elementor-element-5883d61 elementor-widget elementor-widget-image\" data-id=\"5883d61\" data-element_type=\"widget\" data-e-type=\"widget\" data-widget_type=\"image.default\">\n\t\t\t\t\t\t\t\t\t\t\t\t\t\t\t\t<a href=\"https:\/\/www.ositran.gob.pe\/usuarios\/contactenos\/oficinas-de-atencion-al-usuario\/\" target=\"_blank\">\n\t\t\t\t\t\t\t<img decoding=\"async\" src=\"https:\/\/valledelzana.com.pe\/wp-content\/uploads\/elementor\/thumbs\/image-r5iu8idef6wwk96c5afb9rk7wawuu9c5q3cb3pr540.png\" title=\"image\" alt=\"image\" loading=\"lazy\" \/>\t\t\t\t\t\t\t\t<\/a>\n\t\t\t\t\t\t\t\t\t\t\t\t\t\t\t<\/div>\n\t\t\t\t<div class=\"elementor-element elementor-element-c78b638 elementor-widget elementor-widget-image\" data-id=\"c78b638\" data-element_type=\"widget\" data-e-type=\"widget\" data-widget_type=\"image.default\">\n\t\t\t\t\t\t\t\t\t\t\t\t\t\t\t\t<a href=\"https:\/\/gis.sutran.gob.pe\/alerta_sutran\/\" target=\"_blank\">\n\t\t\t\t\t\t\t<img decoding=\"async\" src=\"https:\/\/valledelzana.com.pe\/wp-content\/uploads\/elementor\/thumbs\/web-qu9faidm5ta5ww4w8gv6f61co9ctn0argg28sg9cio.png\" title=\"web.png\" alt=\"web.png\" loading=\"lazy\" \/>\t\t\t\t\t\t\t\t<\/a>\n\t\t\t\t\t\t\t\t\t\t\t\t\t\t\t<\/div>\n\t\t\t\t<div class=\"elementor-element elementor-element-8d310c2 elementor-widget elementor-widget-image\" data-id=\"8d310c2\" data-element_type=\"widget\" data-e-type=\"widget\" data-widget_type=\"image.default\">\n\t\t\t\t\t\t\t\t\t\t\t\t\t\t\t\t<a href=\"https:\/\/www.gob.pe\/mtc\" target=\"_blank\">\n\t\t\t\t\t\t\t<img decoding=\"async\" src=\"https:\/\/valledelzana.com.pe\/wp-content\/uploads\/elementor\/thumbs\/mtc-ministerio-de-transportes-y-comunicaciones-logo-png_seeklogo-237927-r5iu0hsy51xvjythybouiadpj0f676ikaf28rrn068.png\" title=\"mtc-ministerio-de-transportes-y-comunicaciones-logo-png_seeklogo-237927\" alt=\"mtc-ministerio-de-transportes-y-comunicaciones-logo-png_seeklogo-237927\" loading=\"lazy\" \/>\t\t\t\t\t\t\t\t<\/a>\n\t\t\t\t\t\t\t\t\t\t\t\t\t\t\t<\/div>\n\t\t\t\t\t<\/div>\n\t\t\t\t<\/div>\n\t\t\t\t<\/div>\n\t\t","protected":false},"excerpt":{"rendered":"<p>\ud83d\uddfa\ufe0f Mapa Interactivo de Alertas &#8211; Concesi\u00f3n Valle del Za\u00f1a NUESTRAS TARIFAS NUESTROS SERVICIOS REGLAMENTOS LIBRO DE RECLAMACIONES COMUNICADOS REVISA T\u00da COMPROBANTE FORMULARIOS OSITRAN GESTI\u00d3N SOCIAL TRABAJA CON NOSOTROS Reajuste de Tarifa B\u00e1sica \u2013 Diciembre 2025 Se informa a los Usuarios y al p\u00fablico en general sobre el reajuste ordinario de la Tarifa B\u00e1sica de&hellip;&nbsp;<a href=\"https:\/\/valledelzana.com.pe\/\" rel=\"bookmark\"><span class=\"screen-reader-text\">Tarifario 2<\/span><\/a><\/p>\n","protected":false},"author":1,"featured_media":0,"parent":0,"menu_order":0,"comment_status":"closed","ping_status":"closed","template":"elementor_header_footer","meta":{"neve_meta_sidebar":"","neve_meta_container":"","neve_meta_enable_content_width":"","neve_meta_content_width":0,"neve_meta_title_alignment":"","neve_meta_author_avatar":"","neve_post_elements_order":"","neve_meta_disable_header":"","neve_meta_disable_footer":"","neve_meta_disable_title":"","footnotes":""},"class_list":["post-9798","page","type-page","status-publish","hentry"],"_links":{"self":[{"href":"https:\/\/valledelzana.com.pe\/index.php?rest_route=\/wp\/v2\/pages\/9798","targetHints":{"allow":["GET"]}}],"collection":[{"href":"https:\/\/valledelzana.com.pe\/index.php?rest_route=\/wp\/v2\/pages"}],"about":[{"href":"https:\/\/valledelzana.com.pe\/index.php?rest_route=\/wp\/v2\/types\/page"}],"author":[{"embeddable":true,"href":"https:\/\/valledelzana.com.pe\/index.php?rest_route=\/wp\/v2\/users\/1"}],"replies":[{"embeddable":true,"href":"https:\/\/valledelzana.com.pe\/index.php?rest_route=%2Fwp%2Fv2%2Fcomments&post=9798"}],"version-history":[{"count":262,"href":"https:\/\/valledelzana.com.pe\/index.php?rest_route=\/wp\/v2\/pages\/9798\/revisions"}],"predecessor-version":[{"id":10822,"href":"https:\/\/valledelzana.com.pe\/index.php?rest_route=\/wp\/v2\/pages\/9798\/revisions\/10822"}],"wp:attachment":[{"href":"https:\/\/valledelzana.com.pe\/index.php?rest_route=%2Fwp%2Fv2%2Fmedia&parent=9798"}],"curies":[{"name":"wp","href":"https:\/\/api.w.org\/{rel}","templated":true}]}}